{"version":"1.0","provider_name":"Smellit","provider_url":"https:\/\/www.smellit.net\/fr\/","author_name":"modenaadmin","author_url":"https:\/\/www.smellit.net\/fr\/author\/modenaadmin\/","title":"Verveine - Quelle est l'odeur de la verveine ?","type":"rich","width":600,"height":338,"html":"<blockquote class=\"wp-embedded-content\" data-secret=\"8rPepZNnzK\"><a href=\"https:\/\/www.smellit.net\/fr\/smells\/verveine\/\">Verveine<\/a><\/blockquote><iframe sandbox=\"allow-scripts\" security=\"restricted\" src=\"https:\/\/www.smellit.net\/fr\/smells\/verveine\/embed\/#?secret=8rPepZNnzK\" width=\"600\" height=\"338\" title=\"\u00ab\u00a0Verveine\u00a0\u00bb &#8212; Smellit\" data-secret=\"8rPepZNnzK\" frameborder=\"0\" marginwidth=\"0\" marginheight=\"0\" scrolling=\"no\" class=\"wp-embedded-content\"><\/iframe><script>\n\/*! This file is auto-generated *\/\n!function(d,l){\"use strict\";l.querySelector&&d.addEventListener&&\"undefined\"!=typeof URL&&(d.wp=d.wp||{},d.wp.receiveEmbedMessage||(d.wp.receiveEmbedMessage=function(e){var t=e.data;if((t||t.secret||t.message||t.value)&&!\/[^a-zA-Z0-9]\/.test(t.secret)){for(var s,r,n,a=l.querySelectorAll('iframe[data-secret=\"'+t.secret+'\"]'),o=l.querySelectorAll('blockquote[data-secret=\"'+t.secret+'\"]'),c=new RegExp(\"^https?:$\",\"i\"),i=0;i<o.length;i++)o[i].style.display=\"none\";for(i=0;i<a.length;i++)s=a[i],e.source===s.contentWindow&&(s.removeAttribute(\"style\"),\"height\"===t.message?(1e3<(r=parseInt(t.value,10))?r=1e3:~~r<200&&(r=200),s.height=r):\"link\"===t.message&&(r=new URL(s.getAttribute(\"src\")),n=new URL(t.value),c.test(n.protocol))&&n.host===r.host&&l.activeElement===s&&(d.top.location.href=t.value))}},d.addEventListener(\"message\",d.wp.receiveEmbedMessage,!1),l.addEventListener(\"DOMContentLoaded\",function(){for(var e,t,s=l.querySelectorAll(\"iframe.wp-embedded-content\"),r=0;r<s.length;r++)(t=(e=s[r]).getAttribute(\"data-secret\"))||(t=Math.random().toString(36).substring(2,12),e.src+=\"#?secret=\"+t,e.setAttribute(\"data-secret\",t)),e.contentWindow.postMessage({message:\"ready\",secret:t},\"*\")},!1)))}(window,document);\n<\/script>\n","thumbnail_url":"https:\/\/www.smellit.net\/wp-content\/uploads\/2025\/08\/lance-verbena-8172525_1280.jpg","thumbnail_width":1280,"thumbnail_height":853,"description":"La verveine est une plante aromatique et m\u00e9dicinale r\u00e9put\u00e9e pour son parfum frais, citronn\u00e9 et l\u00e9g\u00e8rement floral. Son ar\u00f4me, qui transmet vitalit\u00e9 et l\u00e9g\u00e8ret\u00e9, est tr\u00e8s appr\u00e9ci\u00e9 en parfumerie ainsi qu'en herboristerie et en cuisine."}

La verveine est une plante aromatique et médicinale réputée pour son parfum frais, citronné et légèrement floral. Son arôme, qui transmet vitalité et légèreté, est très apprécié en parfumerie ainsi qu'en herboristerie et en cuisine.
