{"id":1174,"date":"2025-08-31T10:42:15","date_gmt":"2025-08-31T10:42:15","guid":{"rendered":"https:\/\/www.smellit.net\/smells\/verveine\/"},"modified":"2025-09-01T15:29:26","modified_gmt":"2025-09-01T15:29:26","slug":"verveine","status":"publish","type":"smells","link":"https:\/\/www.smellit.net\/fr\/smells\/verveine\/","title":{"rendered":"Verveine"},"content":{"rendered":"\n<p>La verveine est une plante aromatique et m\u00e9dicinale r\u00e9put\u00e9e pour son parfum frais, citronn\u00e9 et l\u00e9g\u00e8rement floral. Son ar\u00f4me, qui transmet vitalit\u00e9 et l\u00e9g\u00e8ret\u00e9, est tr\u00e8s appr\u00e9ci\u00e9 en parfumerie ainsi qu&rsquo;en herboristerie et en cuisine. <\/p>\n\n<h2 class=\"wp-block-heading\">Description<\/h2>\n\n<p>La verveine<em>(Verbena officinalis)<\/em> et la verveine citronn\u00e9e<em>(Aloysia citriodora<\/em>) sont appr\u00e9ci\u00e9es depuis l&rsquo;Antiquit\u00e9 pour leurs propri\u00e9t\u00e9s calmantes et purifiantes. En parfumerie, la verveine apporte une touche p\u00e9tillante et lumineuse, \u00e9voquant l&rsquo;\u00e9t\u00e9 et l&rsquo;air pur. Elle est \u00e9galement utilis\u00e9e dans les infusions digestives et relaxantes, et en cosm\u00e9tique naturelle pour ses propri\u00e9t\u00e9s tonifiantes.  <\/p>\n\n<h2 class=\"wp-block-heading\">Type d&rsquo;odeur<\/h2>\n<p>Agrumes, herbes, fleurs<\/p>\n\n<h2 class=\"wp-block-heading\">Notes olfactives<\/h2>\n<ul>\n<li><strong>Notes de t\u00eate :<\/strong> frais, agrumes, avec un soup\u00e7on de vert.<\/li>\n<li><strong>Notes de c\u0153ur :<\/strong> fleurs douces, herbes, vivacit\u00e9<\/li>\n<li><strong>Notes de fond :<\/strong> l\u00e9g\u00e8res, propres, avec des nuances vertes persistantes.<\/li>\n<\/ul>\n\n<h2 class=\"wp-block-heading\">Intensit\u00e9 de l&rsquo;odeur<\/h2>\n<p>Les m\u00e9dias<\/p>\n\n<h2 class=\"wp-block-heading\">Dur\u00e9e de l&rsquo;odeur<\/h2>\n<p>1-2 heures<\/p>\n\n<h2 class=\"wp-block-heading\">Utilisations ou applications<\/h2>\n<ul>\n<li><strong>Aromath\u00e9rapie :<\/strong> apaisante ; favorise la relaxation et le repos<\/li>\n<li><strong>Parfumerie :<\/strong> des notes fra\u00eeches d&rsquo;agrumes dans des parfums lumineux et estivaux<\/li>\n<li><strong>Cuisine :<\/strong> dans les desserts, les tisanes et les liqueurs aromatis\u00e9es<\/li>\n<li><strong>Rem\u00e8des naturels :<\/strong> tisanes digestives et relaxantes<\/li>\n<li><strong>Cosm\u00e9tiques naturels :<\/strong> huiles et cr\u00e8mes tonifiantes qui revitalisent la peau<\/li>\n<\/ul>\n","protected":false},"excerpt":{"rendered":"<p>La verveine est une plante aromatique et m\u00e9dicinale r\u00e9put\u00e9e pour son parfum frais, citronn\u00e9 et l\u00e9g\u00e8rement floral. Son ar\u00f4me, qui transmet vitalit\u00e9 et l\u00e9g\u00e8ret\u00e9, est tr\u00e8s appr\u00e9ci\u00e9 en parfumerie ainsi qu&rsquo;en herboristerie et en cuisine. <\/p>\n","protected":false},"author":1,"featured_media":1077,"comment_status":"open","ping_status":"closed","template":"","meta":{"_acf_changed":false,"footnotes":""},"categories":[],"tags":[],"class_list":["post-1174","smells","type-smells","status-publish","has-post-thumbnail","hentry"],"acf":[],"yoast_head":"<!-- This site is optimized with the Yoast SEO plugin v24.9 - https:\/\/yoast.com\/wordpress\/plugins\/seo\/ -->\n<title>Verveine - Quelle est l&#039;odeur de la verveine ?<\/title>\n<meta name=\"description\" content=\"La verveine est une plante aromatique et m\u00e9dicinale r\u00e9put\u00e9e pour son parfum frais, citronn\u00e9 et l\u00e9g\u00e8rement floral. Son ar\u00f4me, qui transmet vitalit\u00e9 et l\u00e9g\u00e8ret\u00e9, est tr\u00e8s appr\u00e9ci\u00e9 en parfumerie ainsi qu&#039;en herboristerie et en cuisine.\" \/>\n<meta name=\"robots\" content=\"index, follow, max-snippet:-1, max-image-preview:large, max-video-preview:-1\" \/>\n<link rel=\"canonical\" href=\"https:\/\/www.smellit.net\/fr\/smells\/verveine\/\" \/>\n<meta property=\"og:locale\" content=\"fr_FR\" \/>\n<meta property=\"og:type\" content=\"article\" \/>\n<meta property=\"og:title\" content=\"Verveine - Quelle est l&#039;odeur de la verveine ?\" \/>\n<meta property=\"og:description\" content=\"La verveine est une plante aromatique et m\u00e9dicinale r\u00e9put\u00e9e pour son parfum frais, citronn\u00e9 et l\u00e9g\u00e8rement floral. Son ar\u00f4me, qui transmet vitalit\u00e9 et l\u00e9g\u00e8ret\u00e9, est tr\u00e8s appr\u00e9ci\u00e9 en parfumerie ainsi qu&#039;en herboristerie et en cuisine.\" \/>\n<meta property=\"og:url\" content=\"https:\/\/www.smellit.net\/fr\/smells\/verveine\/\" \/>\n<meta property=\"og:site_name\" content=\"Smellit\" \/>\n<meta property=\"article:modified_time\" content=\"2025-09-01T15:29:26+00:00\" \/>\n<meta property=\"og:image\" content=\"https:\/\/www.smellit.net\/wp-content\/uploads\/2025\/08\/lance-verbena-8172525_1280.jpg\" \/>\n\t<meta property=\"og:image:width\" content=\"1280\" \/>\n\t<meta property=\"og:image:height\" content=\"853\" \/>\n\t<meta property=\"og:image:type\" content=\"image\/jpeg\" \/>\n<meta name=\"twitter:card\" content=\"summary_large_image\" \/>\n<meta name=\"twitter:label1\" content=\"Dur\u00e9e de lecture estim\u00e9e\" \/>\n\t<meta name=\"twitter:data1\" content=\"1 minute\" \/>\n<script type=\"application\/ld+json\" class=\"yoast-schema-graph\">{\"@context\":\"https:\/\/schema.org\",\"@graph\":[{\"@type\":\"WebPage\",\"@id\":\"https:\/\/www.smellit.net\/fr\/smells\/verveine\/\",\"url\":\"https:\/\/www.smellit.net\/fr\/smells\/verveine\/\",\"name\":\"Verveine - Quelle est l'odeur de la verveine ?\",\"isPartOf\":{\"@id\":\"https:\/\/www.smellit.net\/fr\/#website\"},\"primaryImageOfPage\":{\"@id\":\"https:\/\/www.smellit.net\/fr\/smells\/verveine\/#primaryimage\"},\"image\":{\"@id\":\"https:\/\/www.smellit.net\/fr\/smells\/verveine\/#primaryimage\"},\"thumbnailUrl\":\"https:\/\/www.smellit.net\/wp-content\/uploads\/2025\/08\/lance-verbena-8172525_1280.jpg\",\"datePublished\":\"2025-08-31T10:42:15+00:00\",\"dateModified\":\"2025-09-01T15:29:26+00:00\",\"description\":\"La verveine est une plante aromatique et m\u00e9dicinale r\u00e9put\u00e9e pour son parfum frais, citronn\u00e9 et l\u00e9g\u00e8rement floral. Son ar\u00f4me, qui transmet vitalit\u00e9 et l\u00e9g\u00e8ret\u00e9, est tr\u00e8s appr\u00e9ci\u00e9 en parfumerie ainsi qu'en herboristerie et en cuisine.\",\"breadcrumb\":{\"@id\":\"https:\/\/www.smellit.net\/fr\/smells\/verveine\/#breadcrumb\"},\"inLanguage\":\"fr-FR\",\"potentialAction\":[{\"@type\":\"ReadAction\",\"target\":[\"https:\/\/www.smellit.net\/fr\/smells\/verveine\/\"]}]},{\"@type\":\"ImageObject\",\"inLanguage\":\"fr-FR\",\"@id\":\"https:\/\/www.smellit.net\/fr\/smells\/verveine\/#primaryimage\",\"url\":\"https:\/\/www.smellit.net\/wp-content\/uploads\/2025\/08\/lance-verbena-8172525_1280.jpg\",\"contentUrl\":\"https:\/\/www.smellit.net\/wp-content\/uploads\/2025\/08\/lance-verbena-8172525_1280.jpg\",\"width\":1280,\"height\":853,\"caption\":\"Verveine\"},{\"@type\":\"BreadcrumbList\",\"@id\":\"https:\/\/www.smellit.net\/fr\/smells\/verveine\/#breadcrumb\",\"itemListElement\":[{\"@type\":\"ListItem\",\"position\":1,\"name\":\"Home\",\"item\":\"https:\/\/www.smellit.net\/fr\/\"},{\"@type\":\"ListItem\",\"position\":2,\"name\":\"Olores\",\"item\":\"https:\/\/www.smellit.net\/fr\/smells\/\"},{\"@type\":\"ListItem\",\"position\":3,\"name\":\"Verveine\"}]},{\"@type\":\"WebSite\",\"@id\":\"https:\/\/www.smellit.net\/fr\/#website\",\"url\":\"https:\/\/www.smellit.net\/fr\/\",\"name\":\"Smellit\",\"description\":\"Votre espace de d\u00e9couverte et de partage des odeurs\",\"potentialAction\":[{\"@type\":\"SearchAction\",\"target\":{\"@type\":\"EntryPoint\",\"urlTemplate\":\"https:\/\/www.smellit.net\/fr\/?s={search_term_string}\"},\"query-input\":{\"@type\":\"PropertyValueSpecification\",\"valueRequired\":true,\"valueName\":\"search_term_string\"}}],\"inLanguage\":\"fr-FR\"}]}<\/script>\n<!-- \/ Yoast SEO plugin. -->","yoast_head_json":{"title":"Verveine - Quelle est l'odeur de la verveine ?","description":"La verveine est une plante aromatique et m\u00e9dicinale r\u00e9put\u00e9e pour son parfum frais, citronn\u00e9 et l\u00e9g\u00e8rement floral. Son ar\u00f4me, qui transmet vitalit\u00e9 et l\u00e9g\u00e8ret\u00e9, est tr\u00e8s appr\u00e9ci\u00e9 en parfumerie ainsi qu'en herboristerie et en cuisine.","robots":{"index":"index","follow":"follow","max-snippet":"max-snippet:-1","max-image-preview":"max-image-preview:large","max-video-preview":"max-video-preview:-1"},"canonical":"https:\/\/www.smellit.net\/fr\/smells\/verveine\/","og_locale":"fr_FR","og_type":"article","og_title":"Verveine - Quelle est l'odeur de la verveine ?","og_description":"La verveine est une plante aromatique et m\u00e9dicinale r\u00e9put\u00e9e pour son parfum frais, citronn\u00e9 et l\u00e9g\u00e8rement floral. Son ar\u00f4me, qui transmet vitalit\u00e9 et l\u00e9g\u00e8ret\u00e9, est tr\u00e8s appr\u00e9ci\u00e9 en parfumerie ainsi qu'en herboristerie et en cuisine.","og_url":"https:\/\/www.smellit.net\/fr\/smells\/verveine\/","og_site_name":"Smellit","article_modified_time":"2025-09-01T15:29:26+00:00","og_image":[{"width":1280,"height":853,"url":"https:\/\/www.smellit.net\/wp-content\/uploads\/2025\/08\/lance-verbena-8172525_1280.jpg","type":"image\/jpeg"}],"twitter_card":"summary_large_image","twitter_misc":{"Dur\u00e9e de lecture estim\u00e9e":"1 minute"},"schema":{"@context":"https:\/\/schema.org","@graph":[{"@type":"WebPage","@id":"https:\/\/www.smellit.net\/fr\/smells\/verveine\/","url":"https:\/\/www.smellit.net\/fr\/smells\/verveine\/","name":"Verveine - Quelle est l'odeur de la verveine ?","isPartOf":{"@id":"https:\/\/www.smellit.net\/fr\/#website"},"primaryImageOfPage":{"@id":"https:\/\/www.smellit.net\/fr\/smells\/verveine\/#primaryimage"},"image":{"@id":"https:\/\/www.smellit.net\/fr\/smells\/verveine\/#primaryimage"},"thumbnailUrl":"https:\/\/www.smellit.net\/wp-content\/uploads\/2025\/08\/lance-verbena-8172525_1280.jpg","datePublished":"2025-08-31T10:42:15+00:00","dateModified":"2025-09-01T15:29:26+00:00","description":"La verveine est une plante aromatique et m\u00e9dicinale r\u00e9put\u00e9e pour son parfum frais, citronn\u00e9 et l\u00e9g\u00e8rement floral. Son ar\u00f4me, qui transmet vitalit\u00e9 et l\u00e9g\u00e8ret\u00e9, est tr\u00e8s appr\u00e9ci\u00e9 en parfumerie ainsi qu'en herboristerie et en cuisine.","breadcrumb":{"@id":"https:\/\/www.smellit.net\/fr\/smells\/verveine\/#breadcrumb"},"inLanguage":"fr-FR","potentialAction":[{"@type":"ReadAction","target":["https:\/\/www.smellit.net\/fr\/smells\/verveine\/"]}]},{"@type":"ImageObject","inLanguage":"fr-FR","@id":"https:\/\/www.smellit.net\/fr\/smells\/verveine\/#primaryimage","url":"https:\/\/www.smellit.net\/wp-content\/uploads\/2025\/08\/lance-verbena-8172525_1280.jpg","contentUrl":"https:\/\/www.smellit.net\/wp-content\/uploads\/2025\/08\/lance-verbena-8172525_1280.jpg","width":1280,"height":853,"caption":"Verveine"},{"@type":"BreadcrumbList","@id":"https:\/\/www.smellit.net\/fr\/smells\/verveine\/#breadcrumb","itemListElement":[{"@type":"ListItem","position":1,"name":"Home","item":"https:\/\/www.smellit.net\/fr\/"},{"@type":"ListItem","position":2,"name":"Olores","item":"https:\/\/www.smellit.net\/fr\/smells\/"},{"@type":"ListItem","position":3,"name":"Verveine"}]},{"@type":"WebSite","@id":"https:\/\/www.smellit.net\/fr\/#website","url":"https:\/\/www.smellit.net\/fr\/","name":"Smellit","description":"Votre espace de d\u00e9couverte et de partage des odeurs","potentialAction":[{"@type":"SearchAction","target":{"@type":"EntryPoint","urlTemplate":"https:\/\/www.smellit.net\/fr\/?s={search_term_string}"},"query-input":{"@type":"PropertyValueSpecification","valueRequired":true,"valueName":"search_term_string"}}],"inLanguage":"fr-FR"}]}},"_links":{"self":[{"href":"https:\/\/www.smellit.net\/fr\/wp-json\/wp\/v2\/smells\/1174","targetHints":{"allow":["GET"]}}],"collection":[{"href":"https:\/\/www.smellit.net\/fr\/wp-json\/wp\/v2\/smells"}],"about":[{"href":"https:\/\/www.smellit.net\/fr\/wp-json\/wp\/v2\/types\/smells"}],"author":[{"embeddable":true,"href":"https:\/\/www.smellit.net\/fr\/wp-json\/wp\/v2\/users\/1"}],"replies":[{"embeddable":true,"href":"https:\/\/www.smellit.net\/fr\/wp-json\/wp\/v2\/comments?post=1174"}],"version-history":[{"count":1,"href":"https:\/\/www.smellit.net\/fr\/wp-json\/wp\/v2\/smells\/1174\/revisions"}],"predecessor-version":[{"id":1175,"href":"https:\/\/www.smellit.net\/fr\/wp-json\/wp\/v2\/smells\/1174\/revisions\/1175"}],"wp:featuredmedia":[{"embeddable":true,"href":"https:\/\/www.smellit.net\/fr\/wp-json\/wp\/v2\/media\/1077"}],"wp:attachment":[{"href":"https:\/\/www.smellit.net\/fr\/wp-json\/wp\/v2\/media?parent=1174"}],"wp:term":[{"taxonomy":"category","embeddable":true,"href":"https:\/\/www.smellit.net\/fr\/wp-json\/wp\/v2\/categories?post=1174"},{"taxonomy":"post_tag","embeddable":true,"href":"https:\/\/www.smellit.net\/fr\/wp-json\/wp\/v2\/tags?post=1174"}],"curies":[{"name":"wp","href":"https:\/\/api.w.org\/{rel}","templated":true}]}}

<p>La verveine est une plante aromatique et médicinale réputée pour son parfum frais, citronné et légèrement floral. Son arôme, qui transmet vitalité et légèreté, est très apprécié en parfumerie ainsi qu&rsquo;en herboristerie et en cuisine. </p>

<h2 class="wp-block-heading">Description</h2>

<p>La verveine<em>(Verbena officinalis)</em> et la verveine citronnée<em>(Aloysia citriodora</em>) sont appréciées depuis l&rsquo;Antiquité pour leurs propriétés calmantes et purifiantes. En parfumerie, la verveine apporte une touche pétillante et lumineuse, évoquant l&rsquo;été et l&rsquo;air pur. Elle est également utilisée dans les infusions digestives et relaxantes, et en cosmétique naturelle pour ses propriétés tonifiantes.  </p>

<h2 class="wp-block-heading">Type d&rsquo;odeur</h2>
<p>Agrumes, herbes, fleurs</p>

<h2 class="wp-block-heading">Notes olfactives</h2>
<ul>
<li><strong>Notes de tête :</strong> frais, agrumes, avec un soupçon de vert.</li>
<li><strong>Notes de cœur :</strong> fleurs douces, herbes, vivacité</li>
<li><strong>Notes de fond :</strong> légères, propres, avec des nuances vertes persistantes.</li>
</ul>

<h2 class="wp-block-heading">Intensité de l&rsquo;odeur</h2>
<p>Les médias</p>

<h2 class="wp-block-heading">Durée de l&rsquo;odeur</h2>
<p>1-2 heures</p>

<h2 class="wp-block-heading">Utilisations ou applications</h2>
<ul>
<li><strong>Aromathérapie :</strong> apaisante ; favorise la relaxation et le repos</li>
<li><strong>Parfumerie :</strong> des notes fraîches d&rsquo;agrumes dans des parfums lumineux et estivaux</li>
<li><strong>Cuisine :</strong> dans les desserts, les tisanes et les liqueurs aromatisées</li>
<li><strong>Remèdes naturels :</strong> tisanes digestives et relaxantes</li>
<li><strong>Cosmétiques naturels :</strong> huiles et crèmes tonifiantes qui revitalisent la peau</li>
</ul>

<p>La verveine est une plante aromatique et médicinale réputée pour son parfum frais, citronné et légèrement floral. Son arôme, qui transmet vitalité et légèreté, est très apprécié en parfumerie ainsi qu&rsquo;en herboristerie et en cuisine. </p>

<!-- This site is optimized with the Yoast SEO plugin v24.9 - https://yoast.com/wordpress/plugins/seo/ -->
<title>Verveine - Quelle est l&#039;odeur de la verveine ?</title>
<meta name="description" content="La verveine est une plante aromatique et médicinale réputée pour son parfum frais, citronné et légèrement floral. Son arôme, qui transmet vitalité et légèreté, est très apprécié en parfumerie ainsi qu&#039;en herboristerie et en cuisine." />
<meta name="robots" content="index, follow, max-snippet:-1, max-image-preview:large, max-video-preview:-1" />
<link rel="canonical" href="https://www.smellit.net/fr/smells/verveine/" />
<meta property="og:locale" content="fr_FR" />
<meta property="og:type" content="article" />
<meta property="og:title" content="Verveine - Quelle est l&#039;odeur de la verveine ?" />
<meta property="og:description" content="La verveine est une plante aromatique et médicinale réputée pour son parfum frais, citronné et légèrement floral. Son arôme, qui transmet vitalité et légèreté, est très apprécié en parfumerie ainsi qu&#039;en herboristerie et en cuisine." />
<meta property="og:url" content="https://www.smellit.net/fr/smells/verveine/" />
<meta property="og:site_name" content="Smellit" />
<meta property="article:modified_time" content="2025-09-01T15:29:26+00:00" />
<meta property="og:image" content="https://www.smellit.net/wp-content/uploads/2025/08/lance-verbena-8172525_1280.jpg" />
	<meta property="og:image:width" content="1280" />
	<meta property="og:image:height" content="853" />
	<meta property="og:image:type" content="image/jpeg" />
<meta name="twitter:card" content="summary_large_image" />
<meta name="twitter:label1" content="Durée de lecture estimée" />
	<meta name="twitter:data1" content="1 minute" />
<script type="application/ld+json" class="yoast-schema-graph">{"@context":"https://schema.org","@graph":[{"@type":"WebPage","@id":"https://www.smellit.net/fr/smells/verveine/","url":"https://www.smellit.net/fr/smells/verveine/","name":"Verveine - Quelle est l'odeur de la verveine ?","isPartOf":{"@id":"https://www.smellit.net/fr/#website"},"primaryImageOfPage":{"@id":"https://www.smellit.net/fr/smells/verveine/#primaryimage"},"image":{"@id":"https://www.smellit.net/fr/smells/verveine/#primaryimage"},"thumbnailUrl":"https://www.smellit.net/wp-content/uploads/2025/08/lance-verbena-8172525_1280.jpg","datePublished":"2025-08-31T10:42:15+00:00","dateModified":"2025-09-01T15:29:26+00:00","description":"La verveine est une plante aromatique et médicinale réputée pour son parfum frais, citronné et légèrement floral. Son arôme, qui transmet vitalité et légèreté, est très apprécié en parfumerie ainsi qu'en herboristerie et en cuisine.","breadcrumb":{"@id":"https://www.smellit.net/fr/smells/verveine/#breadcrumb"},"inLanguage":"fr-FR","potentialAction":[{"@type":"ReadAction","target":["https://www.smellit.net/fr/smells/verveine/"]}]},{"@type":"ImageObject","inLanguage":"fr-FR","@id":"https://www.smellit.net/fr/smells/verveine/#primaryimage","url":"https://www.smellit.net/wp-content/uploads/2025/08/lance-verbena-8172525_1280.jpg","contentUrl":"https://www.smellit.net/wp-content/uploads/2025/08/lance-verbena-8172525_1280.jpg","width":1280,"height":853,"caption":"Verveine"},{"@type":"BreadcrumbList","@id":"https://www.smellit.net/fr/smells/verveine/#breadcrumb","itemListElement":[{"@type":"ListItem","position":1,"name":"Home","item":"https://www.smellit.net/fr/"},{"@type":"ListItem","position":2,"name":"Olores","item":"https://www.smellit.net/fr/smells/"},{"@type":"ListItem","position":3,"name":"Verveine"}]},{"@type":"WebSite","@id":"https://www.smellit.net/fr/#website","url":"https://www.smellit.net/fr/","name":"Smellit","description":"Votre espace de découverte et de partage des odeurs","potentialAction":[{"@type":"SearchAction","target":{"@type":"EntryPoint","urlTemplate":"https://www.smellit.net/fr/?s={search_term_string}"},"query-input":{"@type":"PropertyValueSpecification","valueRequired":true,"valueName":"search_term_string"}}],"inLanguage":"fr-FR"}]}</script>
<!-- / Yoast SEO plugin. -->

La verveine est une plante aromatique et médicinale réputée pour son parfum frais, citronné et légèrement floral. Son arôme, qui transmet vitalité et légèreté, est très apprécié en parfumerie ainsi qu'en herboristerie et en cuisine.

Votre espace de découverte et de partage des odeurs
