{"id":809,"date":"2025-02-14T12:24:36","date_gmt":"2025-02-14T12:24:36","guid":{"rendered":"https:\/\/www.smellit.net\/smells\/lavande\/"},"modified":"2025-02-15T19:02:16","modified_gmt":"2025-02-15T19:02:16","slug":"lavande","status":"publish","type":"smells","link":"https:\/\/www.smellit.net\/fr\/smells\/lavande\/","title":{"rendered":"Lavande"},"content":{"rendered":"\n<p>La lavande est connue pour ses propri\u00e9t\u00e9s relaxantes et son parfum doux et floral.<\/p>\n\n<p><\/p>\n","protected":false},"excerpt":{"rendered":"<p>La lavande est connue pour ses propri\u00e9t\u00e9s relaxantes et son parfum doux et floral.<\/p>\n","protected":false},"author":3,"featured_media":337,"comment_status":"open","ping_status":"closed","template":"","meta":{"_acf_changed":false,"footnotes":""},"categories":[],"tags":[],"class_list":["post-809","smells","type-smells","status-publish","has-post-thumbnail","hentry"],"acf":[],"yoast_head":"<!-- This site is optimized with the Yoast SEO plugin v24.9 - https:\/\/yoast.com\/wordpress\/plugins\/seo\/ -->\n<title>Lavande - Smellit<\/title>\n<meta name=\"description\" content=\"La lavande est connue pour ses propri\u00e9t\u00e9s relaxantes et son ar\u00f4me suave et floral.\" \/>\n<meta name=\"robots\" content=\"index, follow, max-snippet:-1, max-image-preview:large, max-video-preview:-1\" \/>\n<link rel=\"canonical\" href=\"https:\/\/www.smellit.net\/fr\/smells\/lavande\/\" \/>\n<meta property=\"og:locale\" content=\"fr_FR\" \/>\n<meta property=\"og:type\" content=\"article\" \/>\n<meta property=\"og:title\" content=\"Lavande - Smellit\" \/>\n<meta property=\"og:description\" content=\"La lavande est connue pour ses propri\u00e9t\u00e9s relaxantes et son ar\u00f4me suave et floral.\" \/>\n<meta property=\"og:url\" content=\"https:\/\/www.smellit.net\/fr\/smells\/lavande\/\" \/>\n<meta property=\"og:site_name\" content=\"Smellit\" \/>\n<meta property=\"article:modified_time\" content=\"2025-02-15T19:02:16+00:00\" \/>\n<meta property=\"og:image\" content=\"https:\/\/www.smellit.net\/wp-content\/uploads\/2024\/01\/lavenders-1595486_1920.jpg\" \/>\n\t<meta property=\"og:image:width\" content=\"1920\" \/>\n\t<meta property=\"og:image:height\" content=\"1280\" \/>\n\t<meta property=\"og:image:type\" content=\"image\/jpeg\" \/>\n<meta name=\"twitter:card\" content=\"summary_large_image\" \/>\n<meta name=\"twitter:label1\" content=\"Dur\u00e9e de lecture estim\u00e9e\" \/>\n\t<meta name=\"twitter:data1\" content=\"1 minute\" \/>\n<script type=\"application\/ld+json\" class=\"yoast-schema-graph\">{\"@context\":\"https:\/\/schema.org\",\"@graph\":[{\"@type\":\"WebPage\",\"@id\":\"https:\/\/www.smellit.net\/fr\/smells\/lavande\/\",\"url\":\"https:\/\/www.smellit.net\/fr\/smells\/lavande\/\",\"name\":\"Lavande - Smellit\",\"isPartOf\":{\"@id\":\"https:\/\/www.smellit.net\/fr\/#website\"},\"primaryImageOfPage\":{\"@id\":\"https:\/\/www.smellit.net\/fr\/smells\/lavande\/#primaryimage\"},\"image\":{\"@id\":\"https:\/\/www.smellit.net\/fr\/smells\/lavande\/#primaryimage\"},\"thumbnailUrl\":\"https:\/\/www.smellit.net\/wp-content\/uploads\/2024\/01\/lavenders-1595486_1920.jpg\",\"datePublished\":\"2025-02-14T12:24:36+00:00\",\"dateModified\":\"2025-02-15T19:02:16+00:00\",\"description\":\"La lavande est connue pour ses propri\u00e9t\u00e9s relaxantes et son ar\u00f4me suave et floral.\",\"breadcrumb\":{\"@id\":\"https:\/\/www.smellit.net\/fr\/smells\/lavande\/#breadcrumb\"},\"inLanguage\":\"fr-FR\",\"potentialAction\":[{\"@type\":\"ReadAction\",\"target\":[\"https:\/\/www.smellit.net\/fr\/smells\/lavande\/\"]}]},{\"@type\":\"ImageObject\",\"inLanguage\":\"fr-FR\",\"@id\":\"https:\/\/www.smellit.net\/fr\/smells\/lavande\/#primaryimage\",\"url\":\"https:\/\/www.smellit.net\/wp-content\/uploads\/2024\/01\/lavenders-1595486_1920.jpg\",\"contentUrl\":\"https:\/\/www.smellit.net\/wp-content\/uploads\/2024\/01\/lavenders-1595486_1920.jpg\",\"width\":1920,\"height\":1280},{\"@type\":\"BreadcrumbList\",\"@id\":\"https:\/\/www.smellit.net\/fr\/smells\/lavande\/#breadcrumb\",\"itemListElement\":[{\"@type\":\"ListItem\",\"position\":1,\"name\":\"Home\",\"item\":\"https:\/\/www.smellit.net\/fr\/\"},{\"@type\":\"ListItem\",\"position\":2,\"name\":\"Olores\",\"item\":\"https:\/\/www.smellit.net\/fr\/smells\/\"},{\"@type\":\"ListItem\",\"position\":3,\"name\":\"Lavande\"}]},{\"@type\":\"WebSite\",\"@id\":\"https:\/\/www.smellit.net\/fr\/#website\",\"url\":\"https:\/\/www.smellit.net\/fr\/\",\"name\":\"Smellit\",\"description\":\"Votre espace de d\u00e9couverte et de partage des odeurs\",\"potentialAction\":[{\"@type\":\"SearchAction\",\"target\":{\"@type\":\"EntryPoint\",\"urlTemplate\":\"https:\/\/www.smellit.net\/fr\/?s={search_term_string}\"},\"query-input\":{\"@type\":\"PropertyValueSpecification\",\"valueRequired\":true,\"valueName\":\"search_term_string\"}}],\"inLanguage\":\"fr-FR\"}]}<\/script>\n<!-- \/ Yoast SEO plugin. -->","yoast_head_json":{"title":"Lavande - Smellit","description":"La lavande est connue pour ses propri\u00e9t\u00e9s relaxantes et son ar\u00f4me suave et floral.","robots":{"index":"index","follow":"follow","max-snippet":"max-snippet:-1","max-image-preview":"max-image-preview:large","max-video-preview":"max-video-preview:-1"},"canonical":"https:\/\/www.smellit.net\/fr\/smells\/lavande\/","og_locale":"fr_FR","og_type":"article","og_title":"Lavande - Smellit","og_description":"La lavande est connue pour ses propri\u00e9t\u00e9s relaxantes et son ar\u00f4me suave et floral.","og_url":"https:\/\/www.smellit.net\/fr\/smells\/lavande\/","og_site_name":"Smellit","article_modified_time":"2025-02-15T19:02:16+00:00","og_image":[{"width":1920,"height":1280,"url":"https:\/\/www.smellit.net\/wp-content\/uploads\/2024\/01\/lavenders-1595486_1920.jpg","type":"image\/jpeg"}],"twitter_card":"summary_large_image","twitter_misc":{"Dur\u00e9e de lecture estim\u00e9e":"1 minute"},"schema":{"@context":"https:\/\/schema.org","@graph":[{"@type":"WebPage","@id":"https:\/\/www.smellit.net\/fr\/smells\/lavande\/","url":"https:\/\/www.smellit.net\/fr\/smells\/lavande\/","name":"Lavande - Smellit","isPartOf":{"@id":"https:\/\/www.smellit.net\/fr\/#website"},"primaryImageOfPage":{"@id":"https:\/\/www.smellit.net\/fr\/smells\/lavande\/#primaryimage"},"image":{"@id":"https:\/\/www.smellit.net\/fr\/smells\/lavande\/#primaryimage"},"thumbnailUrl":"https:\/\/www.smellit.net\/wp-content\/uploads\/2024\/01\/lavenders-1595486_1920.jpg","datePublished":"2025-02-14T12:24:36+00:00","dateModified":"2025-02-15T19:02:16+00:00","description":"La lavande est connue pour ses propri\u00e9t\u00e9s relaxantes et son ar\u00f4me suave et floral.","breadcrumb":{"@id":"https:\/\/www.smellit.net\/fr\/smells\/lavande\/#breadcrumb"},"inLanguage":"fr-FR","potentialAction":[{"@type":"ReadAction","target":["https:\/\/www.smellit.net\/fr\/smells\/lavande\/"]}]},{"@type":"ImageObject","inLanguage":"fr-FR","@id":"https:\/\/www.smellit.net\/fr\/smells\/lavande\/#primaryimage","url":"https:\/\/www.smellit.net\/wp-content\/uploads\/2024\/01\/lavenders-1595486_1920.jpg","contentUrl":"https:\/\/www.smellit.net\/wp-content\/uploads\/2024\/01\/lavenders-1595486_1920.jpg","width":1920,"height":1280},{"@type":"BreadcrumbList","@id":"https:\/\/www.smellit.net\/fr\/smells\/lavande\/#breadcrumb","itemListElement":[{"@type":"ListItem","position":1,"name":"Home","item":"https:\/\/www.smellit.net\/fr\/"},{"@type":"ListItem","position":2,"name":"Olores","item":"https:\/\/www.smellit.net\/fr\/smells\/"},{"@type":"ListItem","position":3,"name":"Lavande"}]},{"@type":"WebSite","@id":"https:\/\/www.smellit.net\/fr\/#website","url":"https:\/\/www.smellit.net\/fr\/","name":"Smellit","description":"Votre espace de d\u00e9couverte et de partage des odeurs","potentialAction":[{"@type":"SearchAction","target":{"@type":"EntryPoint","urlTemplate":"https:\/\/www.smellit.net\/fr\/?s={search_term_string}"},"query-input":{"@type":"PropertyValueSpecification","valueRequired":true,"valueName":"search_term_string"}}],"inLanguage":"fr-FR"}]}},"_links":{"self":[{"href":"https:\/\/www.smellit.net\/fr\/wp-json\/wp\/v2\/smells\/809","targetHints":{"allow":["GET"]}}],"collection":[{"href":"https:\/\/www.smellit.net\/fr\/wp-json\/wp\/v2\/smells"}],"about":[{"href":"https:\/\/www.smellit.net\/fr\/wp-json\/wp\/v2\/types\/smells"}],"author":[{"embeddable":true,"href":"https:\/\/www.smellit.net\/fr\/wp-json\/wp\/v2\/users\/3"}],"replies":[{"embeddable":true,"href":"https:\/\/www.smellit.net\/fr\/wp-json\/wp\/v2\/comments?post=809"}],"version-history":[{"count":2,"href":"https:\/\/www.smellit.net\/fr\/wp-json\/wp\/v2\/smells\/809\/revisions"}],"predecessor-version":[{"id":877,"href":"https:\/\/www.smellit.net\/fr\/wp-json\/wp\/v2\/smells\/809\/revisions\/877"}],"wp:featuredmedia":[{"embeddable":true,"href":"https:\/\/www.smellit.net\/fr\/wp-json\/wp\/v2\/media\/337"}],"wp:attachment":[{"href":"https:\/\/www.smellit.net\/fr\/wp-json\/wp\/v2\/media?parent=809"}],"wp:term":[{"taxonomy":"category","embeddable":true,"href":"https:\/\/www.smellit.net\/fr\/wp-json\/wp\/v2\/categories?post=809"},{"taxonomy":"post_tag","embeddable":true,"href":"https:\/\/www.smellit.net\/fr\/wp-json\/wp\/v2\/tags?post=809"}],"curies":[{"name":"wp","href":"https:\/\/api.w.org\/{rel}","templated":true}]}}

<p>La lavande est connue pour ses propriétés relaxantes et son parfum doux et floral.</p>

<p></p>

<p>La lavande est connue pour ses propriétés relaxantes et son parfum doux et floral.</p>

<!-- This site is optimized with the Yoast SEO plugin v24.9 - https://yoast.com/wordpress/plugins/seo/ -->
<title>Lavande - Smellit</title>
<meta name="description" content="La lavande est connue pour ses propriétés relaxantes et son arôme suave et floral." />
<meta name="robots" content="index, follow, max-snippet:-1, max-image-preview:large, max-video-preview:-1" />
<link rel="canonical" href="https://www.smellit.net/fr/smells/lavande/" />
<meta property="og:locale" content="fr_FR" />
<meta property="og:type" content="article" />
<meta property="og:title" content="Lavande - Smellit" />
<meta property="og:description" content="La lavande est connue pour ses propriétés relaxantes et son arôme suave et floral." />
<meta property="og:url" content="https://www.smellit.net/fr/smells/lavande/" />
<meta property="og:site_name" content="Smellit" />
<meta property="article:modified_time" content="2025-02-15T19:02:16+00:00" />
<meta property="og:image" content="https://www.smellit.net/wp-content/uploads/2024/01/lavenders-1595486_1920.jpg" />
	<meta property="og:image:width" content="1920" />
	<meta property="og:image:height" content="1280" />
	<meta property="og:image:type" content="image/jpeg" />
<meta name="twitter:card" content="summary_large_image" />
<meta name="twitter:label1" content="Durée de lecture estimée" />
	<meta name="twitter:data1" content="1 minute" />
<script type="application/ld+json" class="yoast-schema-graph">{"@context":"https://schema.org","@graph":[{"@type":"WebPage","@id":"https://www.smellit.net/fr/smells/lavande/","url":"https://www.smellit.net/fr/smells/lavande/","name":"Lavande - Smellit","isPartOf":{"@id":"https://www.smellit.net/fr/#website"},"primaryImageOfPage":{"@id":"https://www.smellit.net/fr/smells/lavande/#primaryimage"},"image":{"@id":"https://www.smellit.net/fr/smells/lavande/#primaryimage"},"thumbnailUrl":"https://www.smellit.net/wp-content/uploads/2024/01/lavenders-1595486_1920.jpg","datePublished":"2025-02-14T12:24:36+00:00","dateModified":"2025-02-15T19:02:16+00:00","description":"La lavande est connue pour ses propriétés relaxantes et son arôme suave et floral.","breadcrumb":{"@id":"https://www.smellit.net/fr/smells/lavande/#breadcrumb"},"inLanguage":"fr-FR","potentialAction":[{"@type":"ReadAction","target":["https://www.smellit.net/fr/smells/lavande/"]}]},{"@type":"ImageObject","inLanguage":"fr-FR","@id":"https://www.smellit.net/fr/smells/lavande/#primaryimage","url":"https://www.smellit.net/wp-content/uploads/2024/01/lavenders-1595486_1920.jpg","contentUrl":"https://www.smellit.net/wp-content/uploads/2024/01/lavenders-1595486_1920.jpg","width":1920,"height":1280},{"@type":"BreadcrumbList","@id":"https://www.smellit.net/fr/smells/lavande/#breadcrumb","itemListElement":[{"@type":"ListItem","position":1,"name":"Home","item":"https://www.smellit.net/fr/"},{"@type":"ListItem","position":2,"name":"Olores","item":"https://www.smellit.net/fr/smells/"},{"@type":"ListItem","position":3,"name":"Lavande"}]},{"@type":"WebSite","@id":"https://www.smellit.net/fr/#website","url":"https://www.smellit.net/fr/","name":"Smellit","description":"Votre espace de découverte et de partage des odeurs","potentialAction":[{"@type":"SearchAction","target":{"@type":"EntryPoint","urlTemplate":"https://www.smellit.net/fr/?s={search_term_string}"},"query-input":{"@type":"PropertyValueSpecification","valueRequired":true,"valueName":"search_term_string"}}],"inLanguage":"fr-FR"}]}</script>
<!-- / Yoast SEO plugin. -->

La lavande est connue pour ses propriétés relaxantes et son arôme suave et floral.

Votre espace de découverte et de partage des odeurs
