{"id":861,"date":"2025-02-15T12:34:09","date_gmt":"2025-02-15T12:34:09","guid":{"rendered":"https:\/\/www.smellit.net\/smells\/tomillo\/"},"modified":"2025-02-15T19:03:23","modified_gmt":"2025-02-15T19:03:23","slug":"thym","status":"publish","type":"smells","link":"https:\/\/www.smellit.net\/fr\/smells\/thym\/","title":{"rendered":"Thym"},"content":{"rendered":"\n<p>Le thym est une herbe aromatique m\u00e9diterran\u00e9enne connue pour son parfum intense, l\u00e9g\u00e8rement \u00e9pic\u00e9 et herbac\u00e9. Son ar\u00f4me \u00e9voque la campagne et il est utilis\u00e9 en cuisine, en m\u00e9decine naturelle et en parfumerie.<\/p>\n\n\n\n<p><\/p>\n","protected":false},"excerpt":{"rendered":"<p>Le thym est une herbe aromatique m\u00e9diterran\u00e9enne connue pour son parfum intense, l\u00e9g\u00e8rement \u00e9pic\u00e9 et herbac\u00e9. Son ar\u00f4me \u00e9voque la campagne et il est utilis\u00e9 en cuisine, en m\u00e9decine naturelle et en parfumerie.<\/p>\n","protected":false},"author":3,"featured_media":829,"comment_status":"open","ping_status":"closed","template":"","meta":{"_acf_changed":false,"footnotes":""},"categories":[28],"tags":[],"class_list":["post-861","smells","type-smells","status-publish","has-post-thumbnail","hentry","category-plantas-fr"],"acf":[],"yoast_head":"<!-- This site is optimized with the Yoast SEO plugin v24.9 - https:\/\/yoast.com\/wordpress\/plugins\/seo\/ -->\n<title>Thym - Smellit<\/title>\n<meta name=\"description\" content=\"Le thym est une herbe aromatique m\u00e9diterran\u00e9enne connue pour son parfum intense, l\u00e9g\u00e8rement \u00e9pic\u00e9 et herbac\u00e9. Son ar\u00f4me \u00e9voque la campagne et il est utilis\u00e9 en cuisine, en m\u00e9decine naturelle et en parfumerie.\" \/>\n<meta name=\"robots\" content=\"index, follow, max-snippet:-1, max-image-preview:large, max-video-preview:-1\" \/>\n<link rel=\"canonical\" href=\"https:\/\/www.smellit.net\/fr\/smells\/thym\/\" \/>\n<meta property=\"og:locale\" content=\"fr_FR\" \/>\n<meta property=\"og:type\" content=\"article\" \/>\n<meta property=\"og:title\" content=\"Thym - Smellit\" \/>\n<meta property=\"og:description\" content=\"Le thym est une herbe aromatique m\u00e9diterran\u00e9enne connue pour son parfum intense, l\u00e9g\u00e8rement \u00e9pic\u00e9 et herbac\u00e9. Son ar\u00f4me \u00e9voque la campagne et il est utilis\u00e9 en cuisine, en m\u00e9decine naturelle et en parfumerie.\" \/>\n<meta property=\"og:url\" content=\"https:\/\/www.smellit.net\/fr\/smells\/thym\/\" \/>\n<meta property=\"og:site_name\" content=\"Smellit\" \/>\n<meta property=\"article:modified_time\" content=\"2025-02-15T19:03:23+00:00\" \/>\n<meta property=\"og:image\" content=\"https:\/\/www.smellit.net\/wp-content\/uploads\/2025\/02\/thyme-177261_1280.jpg\" \/>\n\t<meta property=\"og:image:width\" content=\"1280\" \/>\n\t<meta property=\"og:image:height\" content=\"960\" \/>\n\t<meta property=\"og:image:type\" content=\"image\/jpeg\" \/>\n<meta name=\"twitter:card\" content=\"summary_large_image\" \/>\n<meta name=\"twitter:label1\" content=\"Dur\u00e9e de lecture estim\u00e9e\" \/>\n\t<meta name=\"twitter:data1\" content=\"1 minute\" \/>\n<script type=\"application\/ld+json\" class=\"yoast-schema-graph\">{\"@context\":\"https:\/\/schema.org\",\"@graph\":[{\"@type\":\"WebPage\",\"@id\":\"https:\/\/www.smellit.net\/fr\/smells\/thym\/\",\"url\":\"https:\/\/www.smellit.net\/fr\/smells\/thym\/\",\"name\":\"Thym - Smellit\",\"isPartOf\":{\"@id\":\"https:\/\/www.smellit.net\/fr\/#website\"},\"primaryImageOfPage\":{\"@id\":\"https:\/\/www.smellit.net\/fr\/smells\/thym\/#primaryimage\"},\"image\":{\"@id\":\"https:\/\/www.smellit.net\/fr\/smells\/thym\/#primaryimage\"},\"thumbnailUrl\":\"https:\/\/www.smellit.net\/wp-content\/uploads\/2025\/02\/thyme-177261_1280.jpg\",\"datePublished\":\"2025-02-15T12:34:09+00:00\",\"dateModified\":\"2025-02-15T19:03:23+00:00\",\"description\":\"Le thym est une herbe aromatique m\u00e9diterran\u00e9enne connue pour son parfum intense, l\u00e9g\u00e8rement \u00e9pic\u00e9 et herbac\u00e9. Son ar\u00f4me \u00e9voque la campagne et il est utilis\u00e9 en cuisine, en m\u00e9decine naturelle et en parfumerie.\",\"breadcrumb\":{\"@id\":\"https:\/\/www.smellit.net\/fr\/smells\/thym\/#breadcrumb\"},\"inLanguage\":\"fr-FR\",\"potentialAction\":[{\"@type\":\"ReadAction\",\"target\":[\"https:\/\/www.smellit.net\/fr\/smells\/thym\/\"]}]},{\"@type\":\"ImageObject\",\"inLanguage\":\"fr-FR\",\"@id\":\"https:\/\/www.smellit.net\/fr\/smells\/thym\/#primaryimage\",\"url\":\"https:\/\/www.smellit.net\/wp-content\/uploads\/2025\/02\/thyme-177261_1280.jpg\",\"contentUrl\":\"https:\/\/www.smellit.net\/wp-content\/uploads\/2025\/02\/thyme-177261_1280.jpg\",\"width\":1280,\"height\":960},{\"@type\":\"BreadcrumbList\",\"@id\":\"https:\/\/www.smellit.net\/fr\/smells\/thym\/#breadcrumb\",\"itemListElement\":[{\"@type\":\"ListItem\",\"position\":1,\"name\":\"Home\",\"item\":\"https:\/\/www.smellit.net\/fr\/\"},{\"@type\":\"ListItem\",\"position\":2,\"name\":\"Olores\",\"item\":\"https:\/\/www.smellit.net\/fr\/smells\/\"},{\"@type\":\"ListItem\",\"position\":3,\"name\":\"Thym\"}]},{\"@type\":\"WebSite\",\"@id\":\"https:\/\/www.smellit.net\/fr\/#website\",\"url\":\"https:\/\/www.smellit.net\/fr\/\",\"name\":\"Smellit\",\"description\":\"Votre espace de d\u00e9couverte et de partage des odeurs\",\"potentialAction\":[{\"@type\":\"SearchAction\",\"target\":{\"@type\":\"EntryPoint\",\"urlTemplate\":\"https:\/\/www.smellit.net\/fr\/?s={search_term_string}\"},\"query-input\":{\"@type\":\"PropertyValueSpecification\",\"valueRequired\":true,\"valueName\":\"search_term_string\"}}],\"inLanguage\":\"fr-FR\"}]}<\/script>\n<!-- \/ Yoast SEO plugin. -->","yoast_head_json":{"title":"Thym - Smellit","description":"Le thym est une herbe aromatique m\u00e9diterran\u00e9enne connue pour son parfum intense, l\u00e9g\u00e8rement \u00e9pic\u00e9 et herbac\u00e9. Son ar\u00f4me \u00e9voque la campagne et il est utilis\u00e9 en cuisine, en m\u00e9decine naturelle et en parfumerie.","robots":{"index":"index","follow":"follow","max-snippet":"max-snippet:-1","max-image-preview":"max-image-preview:large","max-video-preview":"max-video-preview:-1"},"canonical":"https:\/\/www.smellit.net\/fr\/smells\/thym\/","og_locale":"fr_FR","og_type":"article","og_title":"Thym - Smellit","og_description":"Le thym est une herbe aromatique m\u00e9diterran\u00e9enne connue pour son parfum intense, l\u00e9g\u00e8rement \u00e9pic\u00e9 et herbac\u00e9. Son ar\u00f4me \u00e9voque la campagne et il est utilis\u00e9 en cuisine, en m\u00e9decine naturelle et en parfumerie.","og_url":"https:\/\/www.smellit.net\/fr\/smells\/thym\/","og_site_name":"Smellit","article_modified_time":"2025-02-15T19:03:23+00:00","og_image":[{"width":1280,"height":960,"url":"https:\/\/www.smellit.net\/wp-content\/uploads\/2025\/02\/thyme-177261_1280.jpg","type":"image\/jpeg"}],"twitter_card":"summary_large_image","twitter_misc":{"Dur\u00e9e de lecture estim\u00e9e":"1 minute"},"schema":{"@context":"https:\/\/schema.org","@graph":[{"@type":"WebPage","@id":"https:\/\/www.smellit.net\/fr\/smells\/thym\/","url":"https:\/\/www.smellit.net\/fr\/smells\/thym\/","name":"Thym - Smellit","isPartOf":{"@id":"https:\/\/www.smellit.net\/fr\/#website"},"primaryImageOfPage":{"@id":"https:\/\/www.smellit.net\/fr\/smells\/thym\/#primaryimage"},"image":{"@id":"https:\/\/www.smellit.net\/fr\/smells\/thym\/#primaryimage"},"thumbnailUrl":"https:\/\/www.smellit.net\/wp-content\/uploads\/2025\/02\/thyme-177261_1280.jpg","datePublished":"2025-02-15T12:34:09+00:00","dateModified":"2025-02-15T19:03:23+00:00","description":"Le thym est une herbe aromatique m\u00e9diterran\u00e9enne connue pour son parfum intense, l\u00e9g\u00e8rement \u00e9pic\u00e9 et herbac\u00e9. Son ar\u00f4me \u00e9voque la campagne et il est utilis\u00e9 en cuisine, en m\u00e9decine naturelle et en parfumerie.","breadcrumb":{"@id":"https:\/\/www.smellit.net\/fr\/smells\/thym\/#breadcrumb"},"inLanguage":"fr-FR","potentialAction":[{"@type":"ReadAction","target":["https:\/\/www.smellit.net\/fr\/smells\/thym\/"]}]},{"@type":"ImageObject","inLanguage":"fr-FR","@id":"https:\/\/www.smellit.net\/fr\/smells\/thym\/#primaryimage","url":"https:\/\/www.smellit.net\/wp-content\/uploads\/2025\/02\/thyme-177261_1280.jpg","contentUrl":"https:\/\/www.smellit.net\/wp-content\/uploads\/2025\/02\/thyme-177261_1280.jpg","width":1280,"height":960},{"@type":"BreadcrumbList","@id":"https:\/\/www.smellit.net\/fr\/smells\/thym\/#breadcrumb","itemListElement":[{"@type":"ListItem","position":1,"name":"Home","item":"https:\/\/www.smellit.net\/fr\/"},{"@type":"ListItem","position":2,"name":"Olores","item":"https:\/\/www.smellit.net\/fr\/smells\/"},{"@type":"ListItem","position":3,"name":"Thym"}]},{"@type":"WebSite","@id":"https:\/\/www.smellit.net\/fr\/#website","url":"https:\/\/www.smellit.net\/fr\/","name":"Smellit","description":"Votre espace de d\u00e9couverte et de partage des odeurs","potentialAction":[{"@type":"SearchAction","target":{"@type":"EntryPoint","urlTemplate":"https:\/\/www.smellit.net\/fr\/?s={search_term_string}"},"query-input":{"@type":"PropertyValueSpecification","valueRequired":true,"valueName":"search_term_string"}}],"inLanguage":"fr-FR"}]}},"_links":{"self":[{"href":"https:\/\/www.smellit.net\/fr\/wp-json\/wp\/v2\/smells\/861","targetHints":{"allow":["GET"]}}],"collection":[{"href":"https:\/\/www.smellit.net\/fr\/wp-json\/wp\/v2\/smells"}],"about":[{"href":"https:\/\/www.smellit.net\/fr\/wp-json\/wp\/v2\/types\/smells"}],"author":[{"embeddable":true,"href":"https:\/\/www.smellit.net\/fr\/wp-json\/wp\/v2\/users\/3"}],"replies":[{"embeddable":true,"href":"https:\/\/www.smellit.net\/fr\/wp-json\/wp\/v2\/comments?post=861"}],"version-history":[{"count":2,"href":"https:\/\/www.smellit.net\/fr\/wp-json\/wp\/v2\/smells\/861\/revisions"}],"predecessor-version":[{"id":865,"href":"https:\/\/www.smellit.net\/fr\/wp-json\/wp\/v2\/smells\/861\/revisions\/865"}],"wp:featuredmedia":[{"embeddable":true,"href":"https:\/\/www.smellit.net\/fr\/wp-json\/wp\/v2\/media\/829"}],"wp:attachment":[{"href":"https:\/\/www.smellit.net\/fr\/wp-json\/wp\/v2\/media?parent=861"}],"wp:term":[{"taxonomy":"category","embeddable":true,"href":"https:\/\/www.smellit.net\/fr\/wp-json\/wp\/v2\/categories?post=861"},{"taxonomy":"post_tag","embeddable":true,"href":"https:\/\/www.smellit.net\/fr\/wp-json\/wp\/v2\/tags?post=861"}],"curies":[{"name":"wp","href":"https:\/\/api.w.org\/{rel}","templated":true}]}}

<p>Le thym est une herbe aromatique méditerranéenne connue pour son parfum intense, légèrement épicé et herbacé. Son arôme évoque la campagne et il est utilisé en cuisine, en médecine naturelle et en parfumerie.</p>



<p></p>

<p>Le thym est une herbe aromatique méditerranéenne connue pour son parfum intense, légèrement épicé et herbacé. Son arôme évoque la campagne et il est utilisé en cuisine, en médecine naturelle et en parfumerie.</p>

<!-- This site is optimized with the Yoast SEO plugin v24.9 - https://yoast.com/wordpress/plugins/seo/ -->
<title>Thym - Smellit</title>
<meta name="description" content="Le thym est une herbe aromatique méditerranéenne connue pour son parfum intense, légèrement épicé et herbacé. Son arôme évoque la campagne et il est utilisé en cuisine, en médecine naturelle et en parfumerie." />
<meta name="robots" content="index, follow, max-snippet:-1, max-image-preview:large, max-video-preview:-1" />
<link rel="canonical" href="https://www.smellit.net/fr/smells/thym/" />
<meta property="og:locale" content="fr_FR" />
<meta property="og:type" content="article" />
<meta property="og:title" content="Thym - Smellit" />
<meta property="og:description" content="Le thym est une herbe aromatique méditerranéenne connue pour son parfum intense, légèrement épicé et herbacé. Son arôme évoque la campagne et il est utilisé en cuisine, en médecine naturelle et en parfumerie." />
<meta property="og:url" content="https://www.smellit.net/fr/smells/thym/" />
<meta property="og:site_name" content="Smellit" />
<meta property="article:modified_time" content="2025-02-15T19:03:23+00:00" />
<meta property="og:image" content="https://www.smellit.net/wp-content/uploads/2025/02/thyme-177261_1280.jpg" />
	<meta property="og:image:width" content="1280" />
	<meta property="og:image:height" content="960" />
	<meta property="og:image:type" content="image/jpeg" />
<meta name="twitter:card" content="summary_large_image" />
<meta name="twitter:label1" content="Durée de lecture estimée" />
	<meta name="twitter:data1" content="1 minute" />
<script type="application/ld+json" class="yoast-schema-graph">{"@context":"https://schema.org","@graph":[{"@type":"WebPage","@id":"https://www.smellit.net/fr/smells/thym/","url":"https://www.smellit.net/fr/smells/thym/","name":"Thym - Smellit","isPartOf":{"@id":"https://www.smellit.net/fr/#website"},"primaryImageOfPage":{"@id":"https://www.smellit.net/fr/smells/thym/#primaryimage"},"image":{"@id":"https://www.smellit.net/fr/smells/thym/#primaryimage"},"thumbnailUrl":"https://www.smellit.net/wp-content/uploads/2025/02/thyme-177261_1280.jpg","datePublished":"2025-02-15T12:34:09+00:00","dateModified":"2025-02-15T19:03:23+00:00","description":"Le thym est une herbe aromatique méditerranéenne connue pour son parfum intense, légèrement épicé et herbacé. Son arôme évoque la campagne et il est utilisé en cuisine, en médecine naturelle et en parfumerie.","breadcrumb":{"@id":"https://www.smellit.net/fr/smells/thym/#breadcrumb"},"inLanguage":"fr-FR","potentialAction":[{"@type":"ReadAction","target":["https://www.smellit.net/fr/smells/thym/"]}]},{"@type":"ImageObject","inLanguage":"fr-FR","@id":"https://www.smellit.net/fr/smells/thym/#primaryimage","url":"https://www.smellit.net/wp-content/uploads/2025/02/thyme-177261_1280.jpg","contentUrl":"https://www.smellit.net/wp-content/uploads/2025/02/thyme-177261_1280.jpg","width":1280,"height":960},{"@type":"BreadcrumbList","@id":"https://www.smellit.net/fr/smells/thym/#breadcrumb","itemListElement":[{"@type":"ListItem","position":1,"name":"Home","item":"https://www.smellit.net/fr/"},{"@type":"ListItem","position":2,"name":"Olores","item":"https://www.smellit.net/fr/smells/"},{"@type":"ListItem","position":3,"name":"Thym"}]},{"@type":"WebSite","@id":"https://www.smellit.net/fr/#website","url":"https://www.smellit.net/fr/","name":"Smellit","description":"Votre espace de découverte et de partage des odeurs","potentialAction":[{"@type":"SearchAction","target":{"@type":"EntryPoint","urlTemplate":"https://www.smellit.net/fr/?s={search_term_string}"},"query-input":{"@type":"PropertyValueSpecification","valueRequired":true,"valueName":"search_term_string"}}],"inLanguage":"fr-FR"}]}</script>
<!-- / Yoast SEO plugin. -->

Le thym est une herbe aromatique méditerranéenne connue pour son parfum intense, légèrement épicé et herbacé. Son arôme évoque la campagne et il est utilisé en cuisine, en médecine naturelle et en parfumerie.

Votre espace de découverte et de partage des odeurs
